6?
False
Does 37 divide 4015869?
True
Is 39 a factor of 14189214?
True
Does 8 divide 63632?
True
Does 9 divide 13545?
True
Is 11410 a multiple of 10?
True
Does 2 divide 624239?
False
Is 273 a factor of 717167?
False
Is 4363650 a multiple of 40?
False
Is 3408741 a multiple of 895?
False
Is 8 a factor of 556590?
False
Is 76 a factor of 774591?
False
Does 7 divide 279509?
False
Does 79 divide 179409?
True
Does 21 divide 2309678?
False
Is 214 a factor of 100794?
True
Is 53 a factor of 119107?
False
Is 3098214 a multiple of 14?
True
Does 34 divide 58888?
True
Does 95 divide 891670?
True
Is 53380 a multiple of 34?
True
Is 746208 a multiple of 12?
True
Is 38 a factor of 650460?
False
Does 188 divide 3354860?
True
Does 353 divide 168315?
False
Is 3 a factor of 32505?
True
Does 20 divide 268640?
True
Is 339595 a multiple of 35?
False
Is 875 a factor of 2575669?
False
Is 412286 a multiple of 3?
False
Does 7 divide 98178?
False
Is 139 a factor of 58102?
True
Is 25 a factor of 2919154?
False
Does 31 divide 4045970?
False
Is 4280 a multiple of 127?
False
Is 868672 a multiple of 448?
True
Is 54 a factor of 612684?
True
Does 73 divide 10507?
False
Is 3594360 a multiple of 210?
True
Does 11 divide 79222?
True
Is 769725 a multiple of 75?
True
Is 71 a factor of 72207?
True
Is 278 a factor of 46426?
True
Does 127 divide 3363250?
False
Is 844440 a multiple of 93?
True
Is 7 a factor of 12761?
True
Is 491 a factor of 253847?
True
Is 10 a factor of 142010?
True
Is 548729 a multiple of 308?
False
Is 553 a factor of 10799195?
False
Is 1260661 a multiple of 119?
False
Is 7477105 a multiple of 15?
False
Is 1207878 a multiple of 10?
False
Does 6 divide 11460?
True
Does 10 divide 1173098?
False
Is 86676 a multiple of 124?
True
Does 44 divide 11124?
False
Does 69 divide 89562?
True
Is 103 a factor of 1520391?
False
Does 23 divide 3374560?
True
Does 97 divide 328292?
False
Is 216576 a multiple of 376?
True
Is 11 a factor of 10291?
False
Is 707212 a multiple of 139?
False
Is 2819629 a multiple of 100?
False
Is 820222 a multiple of 13?
True
Does 119 divide 7057803?
False
Does 1764 divide 754992?
True
Is 86 a factor of 861290?
True
Is 3472 a multiple of 632?
False
Is 1176 a factor of 6778442?
False
Is 6 a factor of 46350?
True
Does 36 divide 393695?
False
Does 23 divide 163530?
True
Is 4175628 a multiple of 12?
True
Is 542 a factor of 1338198?
True
Is 656 a factor of 2068368?
True
Is 100364 a multiple of 44?
True
Is 40 a factor of 25000?
True
Is 10760565 a multiple of 219?
True
Is 46 a factor of 171271?
False
Is 175823 a multiple of 19?
False
Is 31 a factor of 431179?
True
Does 2 divide 24835?
False
Is 796086 a multiple of 4?
False
Does 35 divide 5565875?
True
Does 21 divide 369495?
True
Does 26 divide 1441414?
True
Is 1417 a factor of 883119?
False
Does 196 divide 2648254?
False
Does 95 divide 573205?
False
Does 65 divide 20543661?
False
Does 335 divide 879040?
True
Is 4141 even?
False
Does 1399 divide 5590404?
True
Does 255 divide 5744895?
True
Is 1769223 a multiple of 189?
False
Is 29 a factor of 44970?
False
Does 185 divide 2214820?
True
Is 6 a factor of 40226?
False
Is 598188 a multiple of 1262?
True
Is 2255 even?
False
Is 492650 a multiple of 40?
False
Does 3 divide 15576?
True
Is 16517250 a multiple of 50?
True
Is 2 a factor of 5788?
True
Is 27 a factor of 55917?
True
Is 10582 a multiple of 2?
True
Is 1874355 a multiple of 15?
True
Does 287 divide 856408?
True
Is 1665456 a multiple of 204?
True
Does 683 divide 12649160?
True
Is 380034 a multiple of 43?
True
Is 81 a factor of 30942?
True
Is 8832721 a multiple of 372?
False
Is 76 a factor of 4256684?
True
Is 77 a factor of 287104?
False
Does 98 divide 782178?
False
Does 2 divide 11075?
False
Is 75 a factor of 47159?
False
Is 234000 a multiple of 7?
False
Is 144421 a multiple of 139?
True
Is 108 a factor of 1301472?
False
Does 72 divide 1820592?
True
Is 9 a factor of 2582550?
True
Is 14 a factor of 59627?
False
Does 13 divide 490672?
True
Does 48 divide 91181?
False
Does 10 divide 2757916?
False
Is 197722 a multiple of 203?
True
Is 2363 a factor of 28774251?
True
Does 4 divide 19373?
False
Does 16 divide 483328?
True
Is 3902569 a multiple of 524?
False
Is 1621384 a multiple of 19?
True
Does 7 divide 65429?
True
Does 19 divide 292889?
False
Does 72 divide 84600?
True
Is 48064 a multiple of 32?
True
Does 122 divide 2891099?
False
Is 2744849 a multiple of 12?
False
Is 2916990 a multiple of 963?
False
Is 21 a factor of 154371?
True
Is 63735 a multiple of 21?
True
Is 1195 a factor of 7395855?
True
Is 10 a factor of 657357?
False
Is 2356344 a multiple of 12?
True
Is 2702605 a multiple of 5?
True
Is 1973861 a multiple of 569?
True
Is 3 a factor of 1647690?
True
Is 103884 a multiple of 66?
True
Does 49 divide 922866?
True
Is 14 a factor of 548238?
False
Is 16928074 a multiple of 45?
False
Is 8 a factor of 39520?
True
Is 8 a factor of 5145660?
False
Is 64 a factor of 4516608?
True
Does 19 divide 63505?
False
Is 408 a factor of 3505016?
False
Does 532 divide 17155252?
False
Is 26 a factor of 124722?
True
Is 952984 a multiple of 8?
True
Is 62 a factor of 14549?
False
Is 1446877 a multiple of 16?
False
Does 242 divide 1824438?
True
Is 1898930 a multiple of 6?
False
Is 165 a factor of 851895?
True
Is 34096 a multiple of 8?
True
Is 41 a factor of 331494?
False
Is 108 a factor of 1139724?
True
Is 100928 a multiple of 16?
True
Is 3 a factor of 85115?
False
Does 79 divide 134072?
False
Is 2554849 a multiple of 577?
False
Is 4516713 a multiple of 53?
True
Is 130 a factor of 974090?
True
Is 91524 a multiple of 348?
True
Is 14 a factor of 79723?
False
Is 495460 a multiple of 10?
True
Is 22 a factor of 1417482?
True
Is 56 a factor of 179249?
False
Is 596 a factor of 2042492?
True
Does 3 divide 34988?
False
Is 2966126 a multiple of 38?
False
Does 11 divide 360206?
True
Does 5 divide 372859?
False
Is 1173 a multiple of 3?
True
Is 7 a factor of 122911?
False
Is 14 a factor of 549747?
False
Is 4421383 a multiple of 71?
True
Is 3 a factor of 7519?
False
Is 216661 a multiple of 36?
False
Is 4976101 a multiple of 13?
True
Is 18 a factor of 182934?
True
Is 92 a factor of 494984?
False
Does 2673 divide 31810688?
False
Is 39 a factor of 160030?
False
Does 74 divide 14340386?
True
Does 192 divide 50688?
True
Is 792639 a multiple of 837?
True
Is 879 a factor of 267216?
True
Does 96 divide 1448256?
True
Does 35 divide 14562096?
False
Does 230 divide 438246?
False
Does 84 divide 27715?
False
Is 16 a factor of 44478?
False
Does 28 divide 66439?
False
Does 3 divide 8764?
False
Is 5 a factor of 174721?
False
Is 1108669 a multiple of 43?
True
Does 19 divide 1295671?
False
Does 105 divide 257419?
False
Is 21369195 a multiple of 28?
False
Does 270 divide 223830?
True
Does 108 divide 7837872?
False
Is 18 a factor of 18403?
False
Is 244 a factor of 584868?
True
Does 1308 divide 3280759?
False
Is 106 a factor of 33517?
False
Is 83048 a multiple of 68?
False
Is 3 a factor of 275543?
False
Is 248 a factor of 5514208?
False
Is 59560 a multiple of 26?
False
Does 10 divide 280347?
False
Does 596 divide 144828?
True
Is 152 a factor of 403104?
True
Does 8 divide 2246448?
True
Does 63 divide 28110?
False
Is 313813 a multiple of 9?
False
Does 13 divide 5692505?
True
Does 2 divide 2082014?
True
Is 426360 a multiple of 8?
True
Is 46 a factor of 5076330?
True
Is 8 a factor of 13699432?
True
Does 70 divide 811580?
True
Is 7875952 a multiple of 112?
True
Does 57 divide 1757438?
False
Does 302 divide 3306501?
False
Does 69 divide 1249797?
True
Is 893016 a multiple of 20?
False
Does 8 divide 1301549?
False
Is 651 a factor of 2105985?
True
Does 11 divide 3278?
True
Does 449 divide 572987?
False
Is 12 a factor of 76991?
False
Is 4620018 a multiple of 122?
True
Does 129 divide 2006980?
False
Is 2087 a factor of 25701405?
True
Does 449 divide 9507575?
True
Is 26 a factor of 2835612?
True
Is 1158754 a multiple of 394?
True
Is 44 a factor of 156904?
True
Is 162592 a multiple of 32?
True
Is 1837009 a multiple of 620?
False
Does 2 divide 6452?
True
Is 453673 a multiple of 416?
False
Is 8 a factor of 3552840?
True
Does 4 divide 209476?
True
Is 4134774 a multiple of 25?
False
Is 419073 a multiple of 24?
False
Does 42 divide 718830?
True
Is 10831959 a multiple of 442?
False
Is 668 a fact